 is divided by 1?
0
Suppose 4*m = -d - 4*d - 2, -3*d - 4 = m. Let r be m + (-195)/((-2)/2). Suppose r = 3*i + 65. Calculate the remainder when i is divided by 15.
14
Let v(f) = 71*f - 2. Let l be v(1). Let y = l - 48. Calculate the remainder when 60 is divided by y.
18
Suppose -27 + 90 = 3*u. Calculate the remainder when 81 is divided by u.
18
Let b be -1 + (2 - (-2 - -3)). Suppose 0 = 3*m + 2*j - 6*j - 139, b = -4*m + j + 207. Calculate the remainder when m is divided by 28.
25
Let v(k) = 12*k**3 + 5*k**2 + 3*k - 5. Let a(j) = -25*j**3 - 9*j**2 - 5*j + 9. Let n(o) = -4*a(o) - 7*v(o). What is the remainder when 57 is divided by n(1)?
12
Suppose 0*l = -l + 36. Suppose 3*d = 4*d - 2. Suppose 3*j - 19 = d*j. What is the remainder when l is divided by j?
17
Let i = -20 + 38. Calculate the remainder when 33 is divided by i.
15
Let u = -31 + 71. What is the remainder when u is divided by 36?
4
Suppose 0 = 11*l - 15*l + 20. Calculate the remainder when 23 is divided by l.
3
Let o(c) = -7*c**3 + 0*c - 8*c**2 + c + 10*c**2. What is the remainder when 30 is divided by o(-1)?
6
What is the remainder when (-453)/(-27) + (-6)/(-27) is divided by 10?
7
Suppose -4*l + 3 = -3*l, 5*i = 5*l + 105. What is the remainder when 51 is divided by i?
3
Let h = 126 + -15. Calculate the remainder when h is divided by 16.
15
Suppose 14 + 15 = m. Calculate the remainder when m is divided by -6*-6*-6*4/(-54).
13
Let o = 1 - -3. Let y(h) = -o*h + 6 + 6*h + h. What is the remainder when y(9) is divided by 17?
16
Let o(x) = -3*x. Let u be (-34)/(-10) - (-4)/(-10). Suppose u = -4*s + 43. What is the remainder when s is divided by o(-2)?
4
Let p(x) = 15*x + 1. Let n(v) = v**2 + 3*v + 3. Calculate the remainder when p(4) is divided by n(-6).
19
Let z(c) = -2*c - 20. What is the remainder when 32 is divided by z(-16)?
8
Calculate the remainder when 45 is divided by ((-2)/(-3))/((-156)/54 - -3).
3
Calculate the remainder when (1/(-3))/((-3)/1017) is divided by 29.
26
What is the remainder when 147 is divided by 10/(-2) + (59 - 4)?
47
Suppose -45 = -3*z + 30. Let c = 153 - 56. Calculate the remainder when c is divided by z.
22
Let p(w) = 26*w. Let r(g) = g**3 - 5*g**2 + 4*g + 1. Let a be r(4). Calculate the remainder when p(a) is divided by 9.
8
Suppose 0 = -3*t - i + 118, t + 3*i = -3*t + 149. Calculate the remainder when 155 is divided by t.
32
Suppose -106 = -3*b + 101. Calculate the remainder when b is divided by 18.
15
Suppose -3*o = -5*v - o - 155, v - 4*o + 49 = 0. Let m = v + 43. What is the remainder when 27 is divided by m?
13
Let s = 62 - 30. What is the remainder when s is divided by (-3 + -6 + 1)/(-1) - -3?
10
Let q(m) = -m**3 + 8*m**2 + 14*m - 12. Calculate the remainder when q(9) is divided by 17 + (1 - 2) + 2.
15
Let s = -6 + 17. What is the remainder when 74 is divided by s?
8
Let r = 5 - 1. Calculate the remainder when (7/2)/(2/r) is divided by (-26)/(-6) - 1/3.
3
Calculate the remainder when 34 is divided by (1*(-2)/(-2))/(7/133).
15
Let y(v) be the third derivative of v**5/3 - v**3/6 + 3*v**2. Calculate the remainder when 37 is divided by y(1).
18
Let u(a) = a**2 - 17*a + 13. Let c be u(14). Let j = 40 + c. Calculate the remainder when 29 is divided by j.
7
Let q = -60 - -75. Let h(k) = k**2 + 3*k - 6. Calculate the remainder when q is divided by h(-5).
3
Suppose 0 = -k - 5, -4*k = 5*c - k - 460. Calculate the remainder when c is divided by 24.
23
Suppose 5*w - 2*v + 5 = 0, v + 7 = -3*w + 3*v. Suppose -3*m - w = -7. What is the remainder when m is divided by 2?
0
Let n = 107 + -70. What is the remainder when n is divided by 13?
11
Suppose -4*b = 2*u + 20, -2*b - 11 = -2*u - 1. Suppose u*h + 6 = h. Suppose t - h*t = -20. Calculate the remainder when 11 is divided by t.
3
Let l = -106 + 117. Calculate the remainder when 63 is divided by l.
8
Let l = 10 + -6. Let j(d) = 5*d**2 - 2*d**3 - d - 3 + d**3 + 4. Calculate the remainder when 38 is divided by j(l).
12
Let n be (-1)/(-2*2/204). Let t = -23 + 46. Let o = n - t. Calculate the remainder when o is divided by 15.
13
Let o = 16 + -2. Calculate the remainder when o is divided by ((-3)/2)/((-3)/16).
6
Let o be 4 - 3 - -2 - 87. What is the remainder when 29 is divided by o/(-10) - (-12)/(-30)?
5
Suppose 5*b + 5 = -2*k, -3*k + 3*b + 30 = -2*b. Suppose -3*x - 2*x = 2*n - 27, -k*x + 2*n + 23 = 0. Calculate the remainder when 13 is divided by x.
3
Calculate the remainder when 34 is divided by 12*4/16*4.
10
Suppose 18*t + 20 = 20*t. Let b(g) = -g**2 - g + 39. What is the remainder when b(0) is divided by t?
9
Suppose -h + 126 = 5*z, -h + 4*h - 4*z = 416. What is the remainder when h is divided by 23?
21
Let a(t) = -t**3 + 9*t**2 + t + 5. What is the remainder when 39 is divided by a(9)?
11
Suppose -4*g + w = -426, 3*g + w = 2*w + 319. What is the remainder when g is divided by 18?
17
Suppose 28 = 5*k + c + 2, 5*c - 15 = -2*k. Suppose 4*u + 4 = -h, -3*h - 2*u - 16 = h. Calculate the remainder when 777/84 - (-1)/h is divided by k.
4
Let i(j) = j - 13. What is the remainder when i(18) is divided by 4?
1
Let s(a) = -24*a - 35. Calculate the remainder when s(-9) is divided by 46.
43
Let d(t) = 10*t + 2. What is the remainder when d(2) is divided by 6?
4
Suppose 4*t - 4*c - 76 = 0, 3*t + 2*c - 57 = -2*c. What is the remainder when t is divided by 7?
5
Let r = 0 + -8. Let z be 2/11 + 1560/132. Let t = z + r. What is the remainder when 6 is divided by t?
2
Calculate the remainder when 50 is divided by 5 + 4*(0 - -2).
11
Let w = 43 + -34. Calculate the remainder when w is divided by 6.
3
Suppose -i + 13 = -1. Suppose 0 = -2*z + 7*z - 5. Let o = 9 - z. What is the remainder when i is divided by o?
6
Let s(d) = 3*d**2 + 4*d + 5. Let k(y) = -y**2 - 20*y - 64. Calculate the remainder when s(-4) is divided by k(-14).
17
Let w = 11 + -7. Suppose -5 = -a, -3*x - w*a + 58 = -37. Suppose -5*t + x + 95 = 0. Calculate the remainder when t is divided by 13.
11
Let p(t) = t**3 - 6*t**2 + 6. Let a be p(6). Suppose s - a*s = -40. Let v(q) = -2*q**3 - 3*q**2 + 2*q + 2. Calculate the remainder when v(-3) is divided by s.
7
Let l be -2 + 1 + 4*1. Let d = 19 + 36. Suppose -3*b = -l*c - 63, 0 = 5*b - c - d - 46. What is the remainder when 78 is divided by b?
18
Let y be (0/(1 - 0))/1. Suppose -3*i + 6 + y = 0. Suppose 5 = -h, h - 17 = -4*w + i*h. What is the remainder when w is divided by 2?
1
Let l = -27 - -42. Suppose 3*s = 2*s + 9. What is the remainder when l is divided by s?
6
Let a(i) = -i + 6. Let d = 18 - 27. Suppose 5*w = 4*w + 8. Calculate the remainder when a(d) is divided by w.
7
Let k(n) = 2*n**2 + 9*n + 1. Calculate the remainder when 28 is divided by k(-5).
4
Suppose -2*y + u + 0*u + 11 = 0, -4*u = 3*y - 11. Suppose y*p = z + 4*z + 165, -p + 27 = z. Calculate the remainder when 117 is divided by p.
27
Let b = -16 + 8. Let y(z) = -2*z - 12. What is the remainder when y(b) is divided by 2?
0
Let j be (2 - -11)/(5/15). Suppose 0*o = -3*o + j. What is the remainder when o is divided by 7?
6
Suppose -592 = -5*p + 383. What is the remainder when p is divided by 33?
30
Suppose -p - 4*u = -37, 2*p = -2*u - 2*u + 66. Suppose l - 99 = -2*w - 3*w, 3*l - 249 = w. Calculate the remainder when l is divided by p.
26
Let g(d) = -3*d + 45. What is the remainder when 51 is divided by g(6)?
24
Suppose -2*k + 7*o + 16 = 3*o, -3*o = 3*k - 15. Suppose 0 = 5*s + k + 4. Let p = 9 + s. Calculate the remainder when p is divided by 2.
1
Let t(h) = 3*h - 5. Calculate the remainder when 55 is divided by t(8).
17
Suppose -7*m + 185 = 17. Calculate the remainder when m is divided by 6.
0
Let q(t) = -8*t**2 + t. Let f be q(1). Let h = -7 - f. Suppose h*u - 19 = -u. What is the remainder when 36 is divided by u?
17
Let l = 51 - 13. Let t = -17 + l. Suppose -3*n - 2*n + 23 = 3*m, 57 = 5*m - n. What is the remainder when t is divided by m?
10
Let d = -10 - -40. Calculate the remainder when 57 is divided by d.
27
Suppose 11 = 4*n - 1. What is the remainder when n is divided by 3?
0
Suppose -48 = -0*r - 4*r. Suppose -3*s + l + 53 = 0, s - 2*l + 1 - r = 0. What is the remainder when 74 is divided by s?
17
Suppose 2*n - 3 = 25. What is the remainder when n is divided by 4?
2
Let p be -2 - (0/3 + 1). Let k = 3 + p. Let y = k + 3. Calculate the remainder when 7 is divide